{"id":2116,"date":"2026-04-28T05:40:37","date_gmt":"2026-04-28T03:40:37","guid":{"rendered":"https:\/\/calderan.de\/produkt\/978-3-98600-668-6\/"},"modified":"2026-04-28T05:40:37","modified_gmt":"2026-04-28T03:40:37","slug":"978-3-98600-668-6","status":"publish","type":"product","link":"https:\/\/calderan.de\/en\/produkt\/978-3-98600-668-6\/","title":{"rendered":"Serera &#8211; Zweites Buch"},"content":{"rendered":"<h2>\nDas epische Finale \u2013 Welten am Abgrund<\/p>\n<p>Eines muss enden: Wahn oder Welt.<\/h2>\n<p>Die Menschheit steht vor ihrem vielleicht letzten Kapitel, und alles h\u00e4ngt an einem seidenen Faden. Serera, die magische Parallelwelt, geformt durch unsere Gedanken und Handlungen, ist nicht l\u00e4nger ein Ort des Friedens. Was einst ein Utopia mit fruchtbaren Feldern und harmonischen Gemeinschaften war, wird von dem Seelenlosen bedroht. Er, der Eine r\u00fcckt unerbittlich vor, und seine grausamen Kreaturen verbreiten Tod und Chaos.<\/p>\n<p>Die V\u00f6lker Sereras stehen vor einem erbarmungslosen Krieg. W\u00e4hrend einige mutig in den Kampf ziehen, brechen andere unter der Last der bevorstehenden Schlachten zusammen. Doch wie bek\u00e4mpft man einen Feind, der st\u00e4rker, schneller, unerbittlicher, gar unsterblich ist \u2013 und dessen Ziel die Vernichtung beider Welten ist?<\/p>\n<h2>Die nahe Verbindung der Welten<\/h2>\n<p>Robin Grimm wollte nie ein Held sein. Ein einfacher Jugendlicher mit den Sorgen des Alltags, verschl\u00e4gt es ihn durch einen seltsamen Schl\u00fcssel in die Welt Sereras. Dort findet er zun\u00e4chst Zuflucht bei friedlichen Menschen, umgeben von einer atemberaubenden Landschaft. Doch schnell wird klar: Robin ist Teil einer st\u00fcrmischen Entwicklung, die auf die nahe Verbindung beider Welten \u2013 unserer bekannten und jene Sereras \u2013 zusteuert.<\/p>\n<p>Je tiefer Robin in die Geheimnisse Sereras eintaucht und sich der Gefahr f\u00fcr unsere Welt bewusst wird, desto gef\u00e4hrlicher wird seine Reise. Robin wird zur Zielscheibe in einem Spiel, das ihn bis an die Grenzen seiner Kr\u00e4fte bringt. Doch ihm stehen Freunde zur Seite, auf die er sich verlassen kann.<\/p>\n<h2>Spannung, Magie und der Kampf ums \u00dcberleben<\/h2>\n<p>In \u00bbDie zwei Kriege\u00ab, dem zweiten und abschlie\u00dfenden Band der \u00bbSerera\u00ab-Erz\u00e4hlung, entfaltet Bruno Hof ein atemberaubendes Finale voller Magie und Kraft, K\u00e4mpfe und Machenschaften, Leid und \u00dcberlebenskampf, emotionaler und gedanklicher Tiefe. Die Handlung f\u00fchrt Leserinnen und Leser in eine Kulisse, die von verzweifeltem Mut, alten Mythen und den Abgr\u00fcnden der Menschheit durchzogen ist.<\/p>\n<h2>Was erwartet Sie in diesem epischen Abschluss?<\/h2>\n<ul>\n<li>\n<h2>Eine verbl\u00fcffende Verflechtung von Handlungsstr\u00e4ngen:<\/h2>\n<p> Wer steht Robin zur Seite? Was geschieht in unserer Welt, w\u00e4hrend die K\u00e4mpfe in Serera toben \u2013 und wie beeinflussen sich die Ereignisse in beiden Welten?<\/li>\n<li>\n<h2>Epische Schlachten:<\/h2>\n<p> Die V\u00f6lker Sereras ziehen in einen alles entscheidenden Krieg, der auch Robin f\u00fcr immer ver\u00e4ndern wird.<\/li>\n<li>\n<h2>Menschlichkeit im Angesicht des Untergangs:<\/h2>\n<p> Zwischen Hoffnung und Angst stehen Entscheidungen, die Fragen \u00fcber das Wesen des Menschen aufwerfen.<\/li>\n<li>\n<h2>Ein Finale voller Wendungen:<\/h2>\n<p> Am Ende bleibt nur eine Wahrheit: Eines muss enden \u2013 Wahn oder Welt.<\/li>\n<li>\n<h2>Eine Sprengung der Genre-Grenzen:<\/h2>\n<p> Bruno Hof gelingt eine au\u00dfergew\u00f6hnliche Verbindung von epischer Fantasy, Abenteuer-, Horror- und Endzeitroman.<\/li>\n<\/ul>\n<h2>Ein einzigartiges und spektakul\u00e4res Parallelwelt-Epos<\/h2>\n<p>Bruno Hof verbindet die magische Welt von Serera meisterhaft mit den Entwicklungen und Abgr\u00fcnden der Realit\u00e4ten in unserer bekannten Welt. Er legt ein ideenreiches Parallelwelt-Epos vor, das durch seine Spannungsb\u00f6gen mitrei\u00dft, die Leserinnen und Leser zudem \u00fcber die Zust\u00e4nde in unserer Welt nachdenken l\u00e4sst. Dieses Buch kn\u00fcpft nahtlos an den gefeierten ersten Band \u201eSerera. Die zwei Welten\u201c an und f\u00fchrt die Handlung in einem spannungsgeladenen Crescendo zum Finale, das lange nachwirkt.<\/p>\n<p>F\u00fcr Leserinnen und Leser ab 16 Jahren, die nicht nur packende Fantasy lieben, sondern auch eine Geschichte suchen, die Fragen nach Menschlichkeit und Toleranz aufwirft.<\/p>\n<h2>Seien Sie bereit f\u00fcr eine Reise, die Sie nicht mehr loslassen wird.<br \/>\nWerden Robin, unsere Welt und Serera \u00fcberleben \u2013 oder wird der Eine triumphieren?<\/h2>\n<h4 class='autorbio'>Bruno Hof<\/h4>\n<p><i>Bruno Hof, Jahrgang 1962, war zun\u00e4chst Buchh\u00e4ndler, bevor er in das Verlagswesen wechselte. Er verlegte u. a. erfolgreich Buchreihen mit Horror- und Fantasy-Werken. Nach langj\u00e4hriger Programmarbeit entschloss er sich, sein eigenes Romankonzept auszuarbeiten. Es ergab sich eine auf zwei B\u00fccher angelegte Erz\u00e4hlung um eine Welt ohne Seele, die gegen sich selbst gerichtete Kr\u00e4fte erschafft. Das erste Buch Serera. Die zwei Welten erschien 2021, der zweite Band Serera. Die zwei Kriege ist nun gefolgt. Hof ist Vater dreier Kinder; der leidenschaftliche Heavy-Metal-Fan wohnt im Rheinland in der N\u00e4he von K\u00f6ln.<\/i><\/p>\n<div class='gpsr'>\n<h4>Hersteller<\/h4>\n<p><\/p>\n<p>Kraterleuchten GmbH<br \/>Gartenstra\u00dfe 3, 54550 Daun, DE<br \/>+49 6592 202 80 50 | <a href='mailto:gpsr@kraterleuchten.com'>gpsr@kraterleuchten.com<\/a><\/p>\n<\/div>\n","protected":false},"excerpt":{"rendered":"<h2>Die zwei Kriege<\/h2>\n<p> <em class='urheber'>Bruno Hof<\/em>  <\/p>\n<p class=\"book-excerpt\">\n<p class=\"book-meta\">Hardcover | 704 Seiten | 13.5 x 21.5 cm <br \/>ISBN  978-3-98600-668-6<br \/>1. Auflage<\/p>\n","protected":false},"featured_media":2131,"template":"","meta":[],"product_brand":[],"product_cat":[147,148,46],"product_tag":[40,41,42],"class_list":{"0":"post-2116","1":"product","2":"type-product","3":"status-publish","4":"has-post-thumbnail","6":"product_cat-autor","7":"product_cat-bruno-hof","8":"product_cat-e-book","9":"product_tag-fantasy","10":"product_tag-phantastik","11":"product_tag-serera","12":"pa_urheber-in-andi-bottlinger","13":"pa_urheber-in-bruno-hof","15":"first","16":"instock","17":"taxable","18":"shipping-taxable","19":"purchasable","20":"product-type-simple"},"_links":{"self":[{"href":"https:\/\/calderan.de\/en\/wp-json\/wp\/v2\/product\/2116","targetHints":{"allow":["GET"]}}],"collection":[{"href":"https:\/\/calderan.de\/en\/wp-json\/wp\/v2\/product"}],"about":[{"href":"https:\/\/calderan.de\/en\/wp-json\/wp\/v2\/types\/product"}],"wp:featuredmedia":[{"embeddable":true,"href":"https:\/\/calderan.de\/en\/wp-json\/wp\/v2\/media\/2131"}],"wp:attachment":[{"href":"https:\/\/calderan.de\/en\/wp-json\/wp\/v2\/media?parent=2116"}],"wp:term":[{"taxonomy":"product_brand","embeddable":true,"href":"https:\/\/calderan.de\/en\/wp-json\/wp\/v2\/product_brand?post=2116"},{"taxonomy":"product_cat","embeddable":true,"href":"https:\/\/calderan.de\/en\/wp-json\/wp\/v2\/product_cat?post=2116"},{"taxonomy":"product_tag","embeddable":true,"href":"https:\/\/calderan.de\/en\/wp-json\/wp\/v2\/product_tag?post=2116"}],"curies":[{"name":"wp","href":"https:\/\/api.w.org\/{rel}","templated":true}]}}

<h2>
Das epische Finale – Welten am Abgrund</p>
<p>Eines muss enden: Wahn oder Welt.</h2>
<p>Die Menschheit steht vor ihrem vielleicht letzten Kapitel, und alles hängt an einem seidenen Faden. Serera, die magische Parallelwelt, geformt durch unsere Gedanken und Handlungen, ist nicht länger ein Ort des Friedens. Was einst ein Utopia mit fruchtbaren Feldern und harmonischen Gemeinschaften war, wird von dem Seelenlosen bedroht. Er, der Eine rückt unerbittlich vor, und seine grausamen Kreaturen verbreiten Tod und Chaos.</p>
<p>Die Völker Sereras stehen vor einem erbarmungslosen Krieg. Während einige mutig in den Kampf ziehen, brechen andere unter der Last der bevorstehenden Schlachten zusammen. Doch wie bekämpft man einen Feind, der stärker, schneller, unerbittlicher, gar unsterblich ist – und dessen Ziel die Vernichtung beider Welten ist?</p>
<h2>Die nahe Verbindung der Welten</h2>
<p>Robin Grimm wollte nie ein Held sein. Ein einfacher Jugendlicher mit den Sorgen des Alltags, verschlägt es ihn durch einen seltsamen Schlüssel in die Welt Sereras. Dort findet er zunächst Zuflucht bei friedlichen Menschen, umgeben von einer atemberaubenden Landschaft. Doch schnell wird klar: Robin ist Teil einer stürmischen Entwicklung, die auf die nahe Verbindung beider Welten – unserer bekannten und jene Sereras – zusteuert.</p>
<p>Je tiefer Robin in die Geheimnisse Sereras eintaucht und sich der Gefahr für unsere Welt bewusst wird, desto gefährlicher wird seine Reise. Robin wird zur Zielscheibe in einem Spiel, das ihn bis an die Grenzen seiner Kräfte bringt. Doch ihm stehen Freunde zur Seite, auf die er sich verlassen kann.</p>
<h2>Spannung, Magie und der Kampf ums Überleben</h2>
<p>In »Die zwei Kriege«, dem zweiten und abschließenden Band der »Serera«-Erzählung, entfaltet Bruno Hof ein atemberaubendes Finale voller Magie und Kraft, Kämpfe und Machenschaften, Leid und Überlebenskampf, emotionaler und gedanklicher Tiefe. Die Handlung führt Leserinnen und Leser in eine Kulisse, die von verzweifeltem Mut, alten Mythen und den Abgründen der Menschheit durchzogen ist.</p>
<h2>Was erwartet Sie in diesem epischen Abschluss?</h2>
<ul>
<li>
<h2>Eine verblüffende Verflechtung von Handlungssträngen:</h2>
<p> Wer steht Robin zur Seite? Was geschieht in unserer Welt, während die Kämpfe in Serera toben – und wie beeinflussen sich die Ereignisse in beiden Welten?</li>
<li>
<h2>Epische Schlachten:</h2>
<p> Die Völker Sereras ziehen in einen alles entscheidenden Krieg, der auch Robin für immer verändern wird.</li>
<li>
<h2>Menschlichkeit im Angesicht des Untergangs:</h2>
<p> Zwischen Hoffnung und Angst stehen Entscheidungen, die Fragen über das Wesen des Menschen aufwerfen.</li>
<li>
<h2>Ein Finale voller Wendungen:</h2>
<p> Am Ende bleibt nur eine Wahrheit: Eines muss enden – Wahn oder Welt.</li>
<li>
<h2>Eine Sprengung der Genre-Grenzen:</h2>
<p> Bruno Hof gelingt eine außergewöhnliche Verbindung von epischer Fantasy, Abenteuer-, Horror- und Endzeitroman.</li>
</ul>
<h2>Ein einzigartiges und spektakuläres Parallelwelt-Epos</h2>
<p>Bruno Hof verbindet die magische Welt von Serera meisterhaft mit den Entwicklungen und Abgründen der Realitäten in unserer bekannten Welt. Er legt ein ideenreiches Parallelwelt-Epos vor, das durch seine Spannungsbögen mitreißt, die Leserinnen und Leser zudem über die Zustände in unserer Welt nachdenken lässt. Dieses Buch knüpft nahtlos an den gefeierten ersten Band „Serera. Die zwei Welten“ an und führt die Handlung in einem spannungsgeladenen Crescendo zum Finale, das lange nachwirkt.</p>
<p>Für Leserinnen und Leser ab 16 Jahren, die nicht nur packende Fantasy lieben, sondern auch eine Geschichte suchen, die Fragen nach Menschlichkeit und Toleranz aufwirft.</p>
<h2>Seien Sie bereit für eine Reise, die Sie nicht mehr loslassen wird.<br />
Werden Robin, unsere Welt und Serera überleben – oder wird der Eine triumphieren?</h2>
<h4 class='autorbio'>Bruno Hof</h4>
<p><i>Bruno Hof, Jahrgang 1962, war zunächst Buchhändler, bevor er in das Verlagswesen wechselte. Er verlegte u. a. erfolgreich Buchreihen mit Horror- und Fantasy-Werken. Nach langjähriger Programmarbeit entschloss er sich, sein eigenes Romankonzept auszuarbeiten. Es ergab sich eine auf zwei Bücher angelegte Erzählung um eine Welt ohne Seele, die gegen sich selbst gerichtete Kräfte erschafft. Das erste Buch Serera. Die zwei Welten erschien 2021, der zweite Band Serera. Die zwei Kriege ist nun gefolgt. Hof ist Vater dreier Kinder; der leidenschaftliche Heavy-Metal-Fan wohnt im Rheinland in der Nähe von Köln.</i></p>
<div class='gpsr'>
<h4>Hersteller</h4>
<p></p>
<p>Kraterleuchten GmbH<br />Gartenstraße 3, 54550 Daun, DE<br />+49 6592 202 80 50 | <a href='mailto:gpsr@kraterleuchten.com'>gpsr@kraterleuchten.com</a></p>
</div>
