{"id":1612,"date":"2026-04-29T05:42:35","date_gmt":"2026-04-29T03:42:35","guid":{"rendered":"https:\/\/calderan.de\/produkt\/978-3-98600-027-1\/"},"modified":"2026-04-29T05:42:35","modified_gmt":"2026-04-29T03:42:35","slug":"978-3-98600-027-1","status":"publish","type":"product","link":"https:\/\/calderan.de\/en\/produkt\/978-3-98600-027-1\/","title":{"rendered":"Die Flucht der Ameisen"},"content":{"rendered":"<div class='leseprobe'><a class=\"button\" href=\"https:\/\/www.book2look.com\/book\/Hnbbcd4XjW\" target=\"_blank\" rel=\"noopener\">Leseprobe auf book2look \u00bb<\/a><\/div>\n<p>Wenn die Erde erbebt und der Rhein in Flammen steht, ist nichts mehr sicher.<\/p>\n<p>Ein unheilvolles Zittern durchl\u00e4uft den Rhein. Der erfahrene Geologe Gerhard B\u00f6hm bemerkt die Anzeichen zuerst: ungew\u00f6hnliche Bewegungen im Erdreich und das seltsame Verhalten der Waldameisen. Trotz des fr\u00fchen Wintereinbruchs sind die Ameisen noch aktiv, und die Beben h\u00e4ufen sich. Steht ein Vulkanausbruch bevor? Und was hat die Bef\u00fcrchtung mit den Ameisen zu tun?<br \/>\nB\u00f6hm ist mehr als beunruhigt und sucht fieberhaft nach verbindlichen Indikatoren. Zu sp\u00e4t. <\/p>\n<p>In der Silvesternacht geschieht das Unfassbare: Mit einer heftigen Eruption bricht zum ersten Mal nach \u00fcber 10.000 Jahren in Deutschland ein Vulkan aus.<\/p>\n<p>In Koblenz und den Orten am Mittelrhein herrscht Panik. Die eruptive Gewalt st\u00fcrzt den Rhein ins Chaos, Lava versperrt den Fluss, und riesige Wassermassen drohen, St\u00e4dte wie Mainz und Frankfurt zu \u00fcberschwemmen. Die Lage scheint aussichtslos\u2026<\/p>\n<p>Ulrich C. Schreiber entwirft einen wissenschaftlich fundierten Geo-Thriller, in dem man hautnah miterlebt, wie brachiale Naturgewalten eine ganze Region verw\u00fcsten und den betroffenen Menschen die sicher geglaubte Lebensgrundlage entziehen. Der Bestseller  \u00bbDie Flucht der Ameisen\u00ab verwebt wissenschaftliche Genauigkeit mit packender Spannung und f\u00fchrt die Leser an die Grenzen menschlicher Beherrschbarkeit gegen\u00fcber den gewaltigen Kr\u00e4ften der Natur.<\/p>\n<p>Der Bestseller in einer Neuauflage<\/p>\n<h4 class='autorbio'>Ulrich C. Schreiber<\/h4>\n<p><i>Ulrich C. Schreiber, geboren 1956, studierte Geologie, Chemie und Geochemie und war Professor f\u00fcr Allgemeine Geologie an der Universit\u00e4t Duisburg-Essen. Dort forschte er an der regionalen Geologie Mitteleuropas, Vulkanismus und Tektonik sowie der Geo\u00f6kologie. Mit \u00bbDie Flucht der Ameisen\u00ab ver\u00f6ffentlichte er seinen ersten Roman, der direkt zum Bestseller wurde. Das Buch basiert auf der Rolle von Ameisen als Indikatoren f\u00fcr geologische Bruchstrukturen, die er als Erster wissenschaftlich untersuchte.<\/i><\/p>\n<div class='gpsr'>\n<h4>Hersteller<\/h4>\n<p><\/p>\n<p>Kraterleuchten GmbH<br \/>Gartenstra\u00dfe 3, 54550 Daun, DE<br \/>+49 6592 202 80 50 | <a href='mailto:gpsr@kraterleuchten.com'>gpsr@kraterleuchten.com<\/a><\/p>\n<\/div>\n","protected":false},"excerpt":{"rendered":"<h2>Ein Vulkanausbruch am Rhein<\/h2>\n<p> <em class='urheber'>Ulrich C. Schreiber<\/em>  <\/p>\n<p class=\"book-excerpt\">\n<p class=\"book-meta\">Softcover | 394 Seiten | 13.5 x 21 cm <br \/>ISBN  978-3-98600-027-1<br \/>1. Auflage<\/p>\n","protected":false},"featured_media":1610,"template":"","meta":[],"product_brand":[],"product_cat":[147,46,243],"product_tag":[244,245,246,247,248,249,250,251,252,253,254,255,256,257,258,259,260,261,262,263,264],"class_list":{"0":"post-1612","1":"product","2":"type-product","3":"status-publish","4":"has-post-thumbnail","6":"product_cat-autor","7":"product_cat-e-book","8":"product_cat-ulrich-c-schreiber","9":"product_tag-ameisen","10":"product_tag-deutschland","11":"product_tag-eifel","12":"product_tag-erdbeben","13":"product_tag-eruption","14":"product_tag-geo-thriller","15":"product_tag-geoforschung","16":"product_tag-geologie","17":"product_tag-geologisches-institut","18":"product_tag-hochwasser","19":"product_tag-katastrophenroman","20":"product_tag-lava","21":"product_tag-naturgewalten","22":"product_tag-rhein","23":"product_tag-rhein-mittelrhein","24":"product_tag-spannung","25":"product_tag-umweltkatastrophe","26":"product_tag-vulkanismus","27":"product_tag-waldameisen","28":"product_tag-wissenschaftliche-genauigkeit","29":"product_tag-wissenschaftskrimi","30":"pa_urheber-in-andi-bottlinger","31":"pa_urheber-in-ulrich-c-schreiber","33":"first","34":"instock","35":"taxable","36":"shipping-taxable","37":"purchasable","38":"product-type-simple"},"_links":{"self":[{"href":"https:\/\/calderan.de\/en\/wp-json\/wp\/v2\/product\/1612","targetHints":{"allow":["GET"]}}],"collection":[{"href":"https:\/\/calderan.de\/en\/wp-json\/wp\/v2\/product"}],"about":[{"href":"https:\/\/calderan.de\/en\/wp-json\/wp\/v2\/types\/product"}],"wp:featuredmedia":[{"embeddable":true,"href":"https:\/\/calderan.de\/en\/wp-json\/wp\/v2\/media\/1610"}],"wp:attachment":[{"href":"https:\/\/calderan.de\/en\/wp-json\/wp\/v2\/media?parent=1612"}],"wp:term":[{"taxonomy":"product_brand","embeddable":true,"href":"https:\/\/calderan.de\/en\/wp-json\/wp\/v2\/product_brand?post=1612"},{"taxonomy":"product_cat","embeddable":true,"href":"https:\/\/calderan.de\/en\/wp-json\/wp\/v2\/product_cat?post=1612"},{"taxonomy":"product_tag","embeddable":true,"href":"https:\/\/calderan.de\/en\/wp-json\/wp\/v2\/product_tag?post=1612"}],"curies":[{"name":"wp","href":"https:\/\/api.w.org\/{rel}","templated":true}]}}

<div class='leseprobe'><a class="button" href="https://www.book2look.com/book/Hnbbcd4XjW" target="_blank" rel="noopener">Leseprobe auf book2look »</a></div>
<p>Wenn die Erde erbebt und der Rhein in Flammen steht, ist nichts mehr sicher.</p>
<p>Ein unheilvolles Zittern durchläuft den Rhein. Der erfahrene Geologe Gerhard Böhm bemerkt die Anzeichen zuerst: ungewöhnliche Bewegungen im Erdreich und das seltsame Verhalten der Waldameisen. Trotz des frühen Wintereinbruchs sind die Ameisen noch aktiv, und die Beben häufen sich. Steht ein Vulkanausbruch bevor? Und was hat die Befürchtung mit den Ameisen zu tun?<br />
Böhm ist mehr als beunruhigt und sucht fieberhaft nach verbindlichen Indikatoren. Zu spät. </p>
<p>In der Silvesternacht geschieht das Unfassbare: Mit einer heftigen Eruption bricht zum ersten Mal nach über 10.000 Jahren in Deutschland ein Vulkan aus.</p>
<p>In Koblenz und den Orten am Mittelrhein herrscht Panik. Die eruptive Gewalt stürzt den Rhein ins Chaos, Lava versperrt den Fluss, und riesige Wassermassen drohen, Städte wie Mainz und Frankfurt zu überschwemmen. Die Lage scheint aussichtslos…</p>
<p>Ulrich C. Schreiber entwirft einen wissenschaftlich fundierten Geo-Thriller, in dem man hautnah miterlebt, wie brachiale Naturgewalten eine ganze Region verwüsten und den betroffenen Menschen die sicher geglaubte Lebensgrundlage entziehen. Der Bestseller  »Die Flucht der Ameisen« verwebt wissenschaftliche Genauigkeit mit packender Spannung und führt die Leser an die Grenzen menschlicher Beherrschbarkeit gegenüber den gewaltigen Kräften der Natur.</p>
<p>Der Bestseller in einer Neuauflage</p>
<h4 class='autorbio'>Ulrich C. Schreiber</h4>
<p><i>Ulrich C. Schreiber, geboren 1956, studierte Geologie, Chemie und Geochemie und war Professor für Allgemeine Geologie an der Universität Duisburg-Essen. Dort forschte er an der regionalen Geologie Mitteleuropas, Vulkanismus und Tektonik sowie der Geoökologie. Mit »Die Flucht der Ameisen« veröffentlichte er seinen ersten Roman, der direkt zum Bestseller wurde. Das Buch basiert auf der Rolle von Ameisen als Indikatoren für geologische Bruchstrukturen, die er als Erster wissenschaftlich untersuchte.</i></p>
<div class='gpsr'>
<h4>Hersteller</h4>
<p></p>
<p>Kraterleuchten GmbH<br />Gartenstraße 3, 54550 Daun, DE<br />+49 6592 202 80 50 | <a href='mailto:gpsr@kraterleuchten.com'>gpsr@kraterleuchten.com</a></p>
</div>
